[INFO] fetching crate win32_notification 0.1.0...
[INFO] checking win32_notification-0.1.0 against master#9610dfe5a9a731ced1ea4923ecbd0c57fe367898 for beta-170-4
[INFO] extracting crate win32_notification 0.1.0 into /workspace/builds/worker-5-tc1/source
[INFO] validating manifest of crates.io crate win32_notification 0.1.0 on toolchain 9610dfe5a9a731ced1ea4923ecbd0c57fe367898
[INFO] running `Command { std: CARGO_HOME="/workspace/cargo-home" RUSTUP_HOME="/workspace/rustup-home" "/workspace/cargo-home/bin/cargo" "+9610dfe5a9a731ced1ea4923ecbd0c57fe367898" "metadata" "--manifest-path" "Cargo.toml" "--no-deps", kill_on_drop: false }`
[INFO] started tweaking crates.io crate win32_notification 0.1.0
[INFO] finished tweaking crates.io crate win32_notification 0.1.0
[INFO] tweaked toml for crates.io crate win32_notification 0.1.0 written to /workspace/builds/worker-5-tc1/source/Cargo.toml
[INFO] crate crates.io crate win32_notification 0.1.0 already has a lockfile, it will not be regenerated
[INFO] running `Command { std: CARGO_HOME="/workspace/cargo-home" RUSTUP_HOME="/workspace/rustup-home" "/workspace/cargo-home/bin/cargo" "+9610dfe5a9a731ced1ea4923ecbd0c57fe367898" "fetch" "--manifest-path" "Cargo.toml", kill_on_drop: false }`
[INFO] running `Command { std: "docker" "create" "-v" "/var/lib/crater-agent-workspace/builds/worker-5-tc1/target:/opt/rustwide/target:rw,Z" "-v" "/var/lib/crater-agent-workspace/builds/worker-5-tc1/source:/opt/rustwide/workdir:ro,Z" "-v" "/var/lib/crater-agent-workspace/cargo-home:/opt/rustwide/cargo-home:ro,Z" "-v" "/var/lib/crater-agent-workspace/rustup-home:/opt/rustwide/rustup-home:ro,Z" "-e" "SOURCE_DIR=/opt/rustwide/workdir" "-e" "CARGO_TARGET_DIR=/opt/rustwide/target" "-e" "CARGO_HOME=/opt/rustwide/cargo-home" "-e" "RUSTUP_HOME=/opt/rustwide/rustup-home" "-w" "/opt/rustwide/workdir" "-m" "1610612736" "--user" "0:0" "--network" "none" "ghcr.io/rust-lang/crates-build-env/linux@sha256:19e73879b68f455e41552ea35293514db52ea292d993f571636dbffedb77a1ee" "/opt/rustwide/cargo-home/bin/cargo" "+9610dfe5a9a731ced1ea4923ecbd0c57fe367898" "metadata" "--no-deps" "--format-version=1", kill_on_drop: false }`
[INFO] [stdout] ab077a05768834f1f7142829eff4cd0e96b7b95114a831727918c46b44618c15
[INFO] running `Command { std: "docker" "start" "-a" "ab077a05768834f1f7142829eff4cd0e96b7b95114a831727918c46b44618c15", kill_on_drop: false }`
[INFO] running `Command { std: "docker" "inspect" "ab077a05768834f1f7142829eff4cd0e96b7b95114a831727918c46b44618c15", kill_on_drop: false }`
[INFO] running `Command { std: "docker" "rm" "-f" "ab077a05768834f1f7142829eff4cd0e96b7b95114a831727918c46b44618c15", kill_on_drop: false }`
[INFO] [stdout] ab077a05768834f1f7142829eff4cd0e96b7b95114a831727918c46b44618c15
[INFO] running `Command { std: "docker" "create" "-v" "/var/lib/crater-agent-workspace/builds/worker-5-tc1/target:/opt/rustwide/target:rw,Z" "-v" "/var/lib/crater-agent-workspace/builds/worker-5-tc1/source:/opt/rustwide/workdir:ro,Z" "-v" "/var/lib/crater-agent-workspace/cargo-home:/opt/rustwide/cargo-home:ro,Z" "-v" "/var/lib/crater-agent-workspace/rustup-home:/opt/rustwide/rustup-home:ro,Z" "-e" "SOURCE_DIR=/opt/rustwide/workdir" "-e" "CARGO_TARGET_DIR=/opt/rustwide/target" "-e" "CARGO_INCREMENTAL=0" "-e" "RUST_BACKTRACE=full" "-e" "RUSTFLAGS=--cap-lints=forbid" "-e" "RUSTDOCFLAGS=--cap-lints=forbid" "-e" "CARGO_HOME=/opt/rustwide/cargo-home" "-e" "RUSTUP_HOME=/opt/rustwide/rustup-home" "-w" "/opt/rustwide/workdir" "-m" "1610612736" "--user" "0:0" "--network" "none" "ghcr.io/rust-lang/crates-build-env/linux@sha256:19e73879b68f455e41552ea35293514db52ea292d993f571636dbffedb77a1ee" "/opt/rustwide/cargo-home/bin/cargo" "+9610dfe5a9a731ced1ea4923ecbd0c57fe367898" "check" "--frozen" "--all" "--all-targets" "--message-format=json", kill_on_drop: false }`
[INFO] [stdout] faa6fd9d7e06f3641bed34107ab9a50515fa474020b88e86a442c2a58660506c
[INFO] running `Command { std: "docker" "start" "-a" "faa6fd9d7e06f3641bed34107ab9a50515fa474020b88e86a442c2a58660506c", kill_on_drop: false }`
[INFO] [stderr]    Compiling winapi v0.3.8
[INFO] [stderr]     Checking win32_notification v0.1.0 (/opt/rustwide/workdir)
[INFO] [stdout] error[E0433]: failed to resolve: could not find `windows` in `os`
[INFO] [stdout]  --> src/lib.rs:4:14
[INFO] [stdout]   |
[INFO] [stdout] 4 | use std::os::windows::ffi::{OsStrExt, OsStringExt};
[INFO] [stdout]   |              ^^^^^^^ could not find `windows` in `os`
[INFO] [stdout] 
[INFO] [stdout] 
[INFO] [stdout] error[E0433]: failed to resolve: could not find `shared` in `winapi`
[INFO] [stdout]  --> src/lib.rs:5:13
[INFO] [stdout]   |
[INFO] [stdout] 5 | use winapi::shared::guiddef::GUID;
[INFO] [stdout]   |             ^^^^^^ could not find `shared` in `winapi`
[INFO] [stdout] 
[INFO] [stdout] 
[INFO] [stdout] error[E0433]: failed to resolve: could not find `um` in `winapi`
[INFO] [stdout]  --> src/lib.rs:7:13
[INFO] [stdout]   |
[INFO] [stdout] 7 | use winapi::um::combaseapi::CoCreateGuid;
[INFO] [stdout]   |             ^^ could not find `um` in `winapi`
[INFO] [stdout] 
[INFO] [stdout] 
[INFO] [stdout] error[E0433]: failed to resolve: could not find `um` in `winapi`
[INFO] [stdout]  --> src/lib.rs:8:13
[INFO] [stdout]   |
[INFO] [stdout] 8 | use winapi::um::errhandlingapi::GetLastError;
[INFO] [stdout]   |             ^^ could not find `um` in `winapi`
[INFO] [stdout] 
[INFO] [stdout] 
[INFO] [stdout] error[E0432]: unresolved import `winapi::shared`
[INFO] [stdout]  --> src/lib.rs:6:13
[INFO] [stdout]   |
[INFO] [stdout] 6 | use winapi::shared::winerror;
[INFO] [stdout]   |             ^^^^^^ could not find `shared` in `winapi`
[INFO] [stdout] 
[INFO] [stdout] 
[INFO] [stdout] error[E0433]: failed to resolve: could not find `um` in `winapi`
[INFO] [stdout]  --> src/lib.rs:9:13
[INFO] [stdout]   |
[INFO] [stdout] 9 | use winapi::um::shellapi::{self, Shell_NotifyIconW, NOTIFYICONDATAW};
[INFO] [stdout]   |             ^^ could not find `um` in `winapi`
[INFO] [stdout] 
[INFO] [stdout] 
[INFO] [stdout] error[E0432]: unresolved import `winapi::um`
[INFO] [stdout]  --> src/lib.rs:9:13
[INFO] [stdout]   |
[INFO] [stdout] 9 | use winapi::um::shellapi::{self, Shell_NotifyIconW, NOTIFYICONDATAW};
[INFO] [stdout]   |             ^^ could not find `um` in `winapi`
[INFO] [stdout] 
[INFO] [stdout] 
[INFO] [stdout] error[E0433]: failed to resolve: could not find `windows` in `os`
[INFO] [stdout]  --> src/lib.rs:4:14
[INFO] [stdout]   |
[INFO] [stdout] 4 | use std::os::windows::ffi::{OsStrExt, OsStringExt};
[INFO] [stdout]   |              ^^^^^^^ could not find `windows` in `os`
[INFO] [stdout] 
[INFO] [stdout] 
[INFO] [stdout] error[E0433]: failed to resolve: could not find `shared` in `winapi`
[INFO] [stdout]  --> src/lib.rs:5:13
[INFO] [stdout]   |
[INFO] [stdout] 5 | use winapi::shared::guiddef::GUID;
[INFO] [stdout]   |             ^^^^^^ could not find `shared` in `winapi`
[INFO] [stdout] 
[INFO] [stdout] 
[INFO] [stdout] error[E0433]: failed to resolve: could not find `um` in `winapi`
[INFO] [stdout]  --> src/lib.rs:7:13
[INFO] [stdout]   |
[INFO] [stdout] 7 | use winapi::um::combaseapi::CoCreateGuid;
[INFO] [stdout]   |             ^^ could not find `um` in `winapi`
[INFO] [stdout] 
[INFO] [stdout] 
[INFO] [stdout] error[E0433]: failed to resolve: could not find `um` in `winapi`
[INFO] [stdout]  --> src/lib.rs:8:13
[INFO] [stdout]   |
[INFO] [stdout] 8 | use winapi::um::errhandlingapi::GetLastError;
[INFO] [stdout]   |             ^^ could not find `um` in `winapi`
[INFO] [stdout] 
[INFO] [stdout] 
[INFO] [stdout] error[E0432]: unresolved import `winapi::shared`
[INFO] [stdout]  --> src/lib.rs:6:13
[INFO] [stdout]   |
[INFO] [stdout] 6 | use winapi::shared::winerror;
[INFO] [stdout]   |             ^^^^^^ could not find `shared` in `winapi`
[INFO] [stdout] 
[INFO] [stdout] 
[INFO] [stdout] error[E0433]: failed to resolve: could not find `um` in `winapi`
[INFO] [stdout]  --> src/lib.rs:9:13
[INFO] [stdout]   |
[INFO] [stdout] 9 | use winapi::um::shellapi::{self, Shell_NotifyIconW, NOTIFYICONDATAW};
[INFO] [stdout]   |             ^^ could not find `um` in `winapi`
[INFO] [stdout] 
[INFO] [stdout] 
[INFO] [stdout] error[E0432]: unresolved import `winapi::um`
[INFO] [stdout]  --> src/lib.rs:9:13
[INFO] [stdout]   |
[INFO] [stdout] 9 | use winapi::um::shellapi::{self, Shell_NotifyIconW, NOTIFYICONDATAW};
[INFO] [stdout]   |             ^^ could not find `um` in `winapi`
[INFO] [stdout] 
[INFO] [stdout] 
[INFO] [stdout] error[E0599]: no function or associated item named `from_wide` found for struct `OsString` in the current scope
[INFO] [stdout]   --> src/lib.rs:69:28
[INFO] [stdout]    |
[INFO] [stdout] 69 |                 &OsString::from_wide(&descriptor.szInfo[..])
[INFO] [stdout]    |                            ^^^^^^^^^ function or associated item not found in `OsString`
[INFO] [stdout] 
[INFO] [stdout] 
[INFO] [stdout] error[E0599]: no function or associated item named `from_wide` found for struct `OsString` in the current scope
[INFO] [stdout]   --> src/lib.rs:81:28
[INFO] [stdout]    |
[INFO] [stdout] 81 |                 &OsString::from_wide(&descriptor.szInfoTitle[..])
[INFO] [stdout]    |                            ^^^^^^^^^ function or associated item not found in `OsString`
[INFO] [stdout] 
[INFO] [stdout] 
[INFO] [stdout] error[E0599]: no function or associated item named `from_wide` found for struct `std::ffi::OsString` in the current scope
[INFO] [stdout]   --> src/lib.rs:69:28
[INFO] [stdout]    |
[INFO] [stdout] 69 |                 &OsString::from_wide(&descriptor.szInfo[..])
[INFO] [stdout]    |                            ^^^^^^^^^ function or associated item not found in `OsString`
[INFO] [stdout] 
[INFO] [stdout] 
[INFO] [stdout] error[E0599]: no function or associated item named `from_wide` found for struct `std::ffi::OsString` in the current scope
[INFO] [stdout]   --> src/lib.rs:81:28
[INFO] [stdout]    |
[INFO] [stdout] 81 |                 &OsString::from_wide(&descriptor.szInfoTitle[..])
[INFO] [stdout]    |                            ^^^^^^^^^ function or associated item not found in `OsString`
[INFO] [stdout] 
[INFO] [stdout] 
[INFO] [stdout] error[E0599]: no method named `encode_wide` found for reference `&OsStr` in the current scope
[INFO] [stdout]    --> src/lib.rs:18:14
[INFO] [stdout]     |
[INFO] [stdout] 16  |           let codepoints = OsString::from($string)
[INFO] [stdout]     |  __________________________-
[INFO] [stdout] 17  | |             .as_os_str()
[INFO] [stdout] 18  | |             .encode_wide()
[INFO] [stdout]     | |             -^^^^^^^^^^^ method not found in `&OsStr`
[INFO] [stdout]     | |_____________|
[INFO] [stdout]     | 
[INFO] [stdout] ...
[INFO] [stdout] 151 |           let buffer = encode_string_wide!(text, INFO_BUFFER_LEN);
[INFO] [stdout]     |                        ------------------------------------------ in this macro invocation
[INFO] [stdout]     |
[INFO] [stdout]     = note: this error originates in the macro `encode_string_wide` (in Nightly builds, run with -Z macro-backtrace for more info)
[INFO] [stdout] 
[INFO] [stdout] 
[INFO] [stdout] error[E0599]: no method named `encode_wide` found for reference `&OsStr` in the current scope
[INFO] [stdout]    --> src/lib.rs:18:14
[INFO] [stdout]     |
[INFO] [stdout] 16  |           let codepoints = OsString::from($string)
[INFO] [stdout]     |  __________________________-
[INFO] [stdout] 17  | |             .as_os_str()
[INFO] [stdout] 18  | |             .encode_wide()
[INFO] [stdout]     | |             -^^^^^^^^^^^ method not found in `&OsStr`
[INFO] [stdout]     | |_____________|
[INFO] [stdout]     | 
[INFO] [stdout] ...
[INFO] [stdout] 151 |           let buffer = encode_string_wide!(text, INFO_BUFFER_LEN);
[INFO] [stdout]     |                        ------------------------------------------ in this macro invocation
[INFO] [stdout]     |
[INFO] [stdout]     = note: this error originates in the macro `encode_string_wide` (in Nightly builds, run with -Z macro-backtrace for more info)
[INFO] [stdout] 
[INFO] [stdout] 
[INFO] [stdout] error[E0599]: no method named `encode_wide` found for reference `&OsStr` in the current scope
[INFO] [stdout]    --> src/lib.rs:18:14
[INFO] [stdout]     |
[INFO] [stdout] 16  |           let codepoints = OsString::from($string)
[INFO] [stdout]     |  __________________________-
[INFO] [stdout] 17  | |             .as_os_str()
[INFO] [stdout] 18  | |             .encode_wide()
[INFO] [stdout]     | |             -^^^^^^^^^^^ method not found in `&OsStr`
[INFO] [stdout]     | |_____________|
[INFO] [stdout]     | 
[INFO] [stdout] ...
[INFO] [stdout] 161 |           let buffer = encode_string_wide!(text, TITLE_BUFFER_LEN);
[INFO] [stdout]     |                        ------------------------------------------- in this macro invocation
[INFO] [stdout]     |
[INFO] [stdout]     = note: this error originates in the macro `encode_string_wide` (in Nightly builds, run with -Z macro-backtrace for more info)
[INFO] [stdout] 
[INFO] [stdout] 
[INFO] [stdout] error[E0599]: no method named `encode_wide` found for reference `&OsStr` in the current scope
[INFO] [stdout]    --> src/lib.rs:18:14
[INFO] [stdout]     |
[INFO] [stdout] 16  |           let codepoints = OsString::from($string)
[INFO] [stdout]     |  __________________________-
[INFO] [stdout] 17  | |             .as_os_str()
[INFO] [stdout] 18  | |             .encode_wide()
[INFO] [stdout]     | |             -^^^^^^^^^^^ method not found in `&OsStr`
[INFO] [stdout]     | |_____________|
[INFO] [stdout]     | 
[INFO] [stdout] ...
[INFO] [stdout] 161 |           let buffer = encode_string_wide!(text, TITLE_BUFFER_LEN);
[INFO] [stdout]     |                        ------------------------------------------- in this macro invocation
[INFO] [stdout]     |
[INFO] [stdout]     = note: this error originates in the macro `encode_string_wide` (in Nightly builds, run with -Z macro-backtrace for more info)
[INFO] [stdout] 
[INFO] [stdout] 
[INFO] [stdout] error: aborting due to 11 previous errors
[INFO] [stdout] 
[INFO] [stdout] 
[INFO] [stdout] Some errors have detailed explanations: E0432, E0433, E0599.
[INFO] [stdout] 
[INFO] [stdout] For more information about an error, try `rustc --explain E0432`.
[INFO] [stdout] 
[INFO] [stderr] error: could not compile `win32_notification` (lib) due to 12 previous errors
[INFO] [stderr] warning: build failed, waiting for other jobs to finish...
[INFO] [stdout] error[E0599]: no method named `encode_wide` found for reference `&OsStr` in the current scope
[INFO] [stdout]    --> src/lib.rs:18:14
[INFO] [stdout]     |
[INFO] [stdout] 16  |           let codepoints = OsString::from($string)
[INFO] [stdout]     |  __________________________-
[INFO] [stdout] 17  | |             .as_os_str()
[INFO] [stdout] 18  | |             .encode_wide()
[INFO] [stdout]     | |             -^^^^^^^^^^^ method not found in `&OsStr`
[INFO] [stdout]     | |_____________|
[INFO] [stdout]     | 
[INFO] [stdout] ...
[INFO] [stdout] 180 |           let encoded = encode_string_wide!("Test", 12);
[INFO] [stdout]     |                         ------------------------------- in this macro invocation
[INFO] [stdout]     |
[INFO] [stdout]     = note: this error originates in the macro `encode_string_wide` (in Nightly builds, run with -Z macro-backtrace for more info)
[INFO] [stdout] 
[INFO] [stdout] 
[INFO] [stdout] error[E0599]: no method named `encode_wide` found for reference `&OsStr` in the current scope
[INFO] [stdout]    --> src/lib.rs:18:14
[INFO] [stdout]     |
[INFO] [stdout] 16  |           let codepoints = OsString::from($string)
[INFO] [stdout]     |  __________________________-
[INFO] [stdout] 17  | |             .as_os_str()
[INFO] [stdout] 18  | |             .encode_wide()
[INFO] [stdout]     | |             -^^^^^^^^^^^ method not found in `&OsStr`
[INFO] [stdout]     | |_____________|
[INFO] [stdout]     | 
[INFO] [stdout] ...
[INFO] [stdout] 190 |           let encoded = encode_string_wide!("testabcabcabc", 12);
[INFO] [stdout]     |                         ---------------------------------------- in this macro invocation
[INFO] [stdout]     |
[INFO] [stdout]     = note: this error originates in the macro `encode_string_wide` (in Nightly builds, run with -Z macro-backtrace for more info)
[INFO] [stdout] 
[INFO] [stdout] 
[INFO] [stdout] error: aborting due to 13 previous errors
[INFO] [stdout] 
[INFO] [stdout] 
[INFO] [stdout] Some errors have detailed explanations: E0432, E0433, E0599.
[INFO] [stdout] 
[INFO] [stdout] For more information about an error, try `rustc --explain E0432`.
[INFO] [stdout] 
[INFO] [stderr] error: could not compile `win32_notification` (lib test) due to 14 previous errors
[INFO] running `Command { std: "docker" "inspect" "faa6fd9d7e06f3641bed34107ab9a50515fa474020b88e86a442c2a58660506c", kill_on_drop: false }`
[INFO] running `Command { std: "docker" "rm" "-f" "faa6fd9d7e06f3641bed34107ab9a50515fa474020b88e86a442c2a58660506c", kill_on_drop: false }`
[INFO] [stdout] faa6fd9d7e06f3641bed34107ab9a50515fa474020b88e86a442c2a58660506c
